
6
Suppose -207 - 255 = -6*i. What is the remainder when i is divided by 40?
37
Calculate the remainder when 68 is divided by 24/60 + (-136)/(-10).
12
Let s(r) = -9*r - 2*r**3 - 5 + 9*r**2 + 2*r**2 + r**3. Suppose -p = 2*d - 29 + 2, 0 = -2*d + 4*p + 32. Calculate the remainder when d is divided by s(10).
4
Suppose s - 2*l = -4, -2*l = -0*l - 10. Let t be 1/(0 - (-2)/4). What is the remainder when 4 is divided by 10/s - t/(-6)?
0
Let u(v) = -2*v**2 - 15*v - 8. What is the remainder when u(-6) is divided by 4?
2
Let g = 22 + -16. Calculate the remainder when 10 is divided by g.
4
Let h = -32 + 59. What is the remainder when h is divided by 10?
7
Suppose 3*m = -6*f + f - 20, -4*m + 8 = -2*f. Let z = 1 - m. Calculate the remainder when 2 is divided by z.
0
Let z be 1 - (-4)/(4 - 2). What is the remainder when 1 - -4 - (z - 3) is divided by 2?
1
Suppose 2*d = 17 + 5. Suppose -3*l = 2*l - 160. What is the remainder when l is divided by d?
10
Suppose 4*k - 8 = 12. Suppose 0 = -q + k + 7. Suppose -y + 1 = -q. What is the remainder when 37 is divided by y?
11
Let p(u) = -u**2 + 5*u - 1. Let j be p(4). Suppose -4*g - j*m = -244, 3*g - 2*m = 2*g + 50. Calculate the remainder when g is divided by 15.
13
Let u = -23 + 53. Calculate the remainder when u is divided by 16.
14
Let d(q) = 2*q - 4. Let s be d(3). Suppose 0 = -s*i - i + 150. Let p = -30 + i. Calculate the remainder when p is divided by 7.
6
Let n(b) = -b**2 - 4*b + 7. Let s be n(-5). Let l(w) = 4*w**2 + 3*w - 3. What is the remainder when l(s) is divided by (0 - -1 - 11)*-1?
9
Suppose c - 103 + 24 = 0. What is the remainder when c is divided by 16?
15
Let w = 1 - -2. Suppose 0 = 5*p + 2*i - 22 - 2, 5*i - 2 = 2*p. Calculate the remainder when p is divided by w.
1
Suppose 5*p = 44 - 4. Suppose 12 = 4*r, -2*u - p*r + 19 = -3*r. Calculate the remainder when 47 is divided by (-1)/u - 165/(-10).
15
Let h(b) be the second derivative of b**4/12 - b**3/2 + b**2/2 - 2*b. Let f be h(1). What is the remainder when 29 is divided by (7/(-2) - f)*-4?
9
Let p(h) = h - 3. Let s = 5 - -8. Suppose -s = -5*l + 2. Calculate the remainder when l is divided by p(4).
0
Suppose -5*g + 2 + 3 = 0. Let y = g + 1. Suppose 27 = 4*u - t, -y*u - 39 = -6*u + 5*t. Calculate the remainder when 21 is divided by u.
3
Let g = -53 + 106. Suppose 0 = j + 8 - 26. Calculate the remainder when g is divided by j.
17
What is the remainder when 20 is divided by 388/36 + (-2)/(-9)?
9
Suppose -5*k + 0*k = -90. Suppose d - 4 - k = 0. What is the remainder when 41 is divided by d?
19
Suppose u + 31 - 96 = 0. Calculate the remainder when u is divided by -7 + 4 - (-23 + -2).
21
Suppose 0 = -4*z + 32 + 24. What is the remainder when 1/(2/(150/3)) is divided by z?
11
Suppose 28 = 3*l + l. What is the remainder when l is divided by 2?
1
What is the remainder when 25 is divided by 6/10 + (-72)/(-5)?
10
Let l = 113 + -75. Calculate the remainder when l is divided by 13.
12
Suppose 4*b - 63 = b. Let g(m) = m + 1. Let a(u) = -2*u + 3. Let k(l) = -a(l) + 2*g(l). What is the remainder when b is divided by k(3)?
10
Let h = 134 - 88. Let u = -26 + h. Calculate the remainder when 59 is divided by u.
19
Suppose 3*w - 12 - 54 = 0. Let l(g) = g**3 - g**2 - 2*g. What is the remainder when w is divided by l(3)?
10
Suppose 0*t + t = 0. Let q = 1 - -2. Suppose t = k - q - 3. What is the remainder when k is divided by 4?
2
Suppose 4*h - 16 = 3*h. Suppose -i - j = 3*j - 31, 155 = 5*i - 5*j. What is the remainder when i is divided by h?
15
Let t(a) = -6*a + 7*a + 7 + a**2 - 4*a. Calculate the remainder when 99 is divided by t(6).
24
Let z(d) = -d**3 + 6*d + 3. What is the remainder when z(-4) is divided by 15?
13
Let d(w) = 2*w - 14*w + 14*w**2 + 6 - w**3 + 1 + 1. What is the remainder when d(13) is divided by 8?
5
Calculate the remainder when 82 is divided by 16/120 - 626/(-30).
19
Let b = 0 + -4. Let s = 10 - b. Let q = 5 + 0. Calculate the remainder when s is divided by q.
4
Suppose -6*h + 9*h = 147. Calculate the remainder when h is divided by 18.
13
Suppose -32*b + 4*w = -29*b - 264, 5*b - 440 = -5*w. Suppose 3*q + v = 8*q - 91, 3*q = -3*v + 51. What is the remainder when b is divided by q?
16
Let w(v) = v**2 + 11*v + 10. Let u be w(-7). Let z = -7 - u. Let g(l) = -l**3 + 10*l**2 + 13*l - 16. Calculate the remainder when 11 is divided by g(z).
5
Let x = 24 - 8. Suppose -d + 2*v + 16 = -28, 232 = 5*d + 2*v. Calculate the remainder when d is divided by x.
14
Let x(z) = z**3 + 5*z**2 + 5. Let s be x(-5). Let r(j) = -6 + s + 1 - j. Calculate the remainder when 4 is divided by r(-3).
1
Suppose 5*h = 5 - 0, -5*g + 3*h + 322 = 0. Let w = -23 + g. What is the remainder when w is divided by 22?
20
Let w = 2 - 1. Let s = 15 + w. Let l(k) = k - 3. Calculate the remainder when s is divided by l(9).
4
What is the remainder when 21/(-35) - 534/(-15) is divided by 9?
8
Let h be (-9)/18 - 62/(-4). Suppose -h = 7*w - 127. Calculate the remainder when w is divided by 6.
4
Suppose -80 = -4*g + 188. Calculate the remainder when g is divided by (-3)/(-9) + 41/3.
11
Suppose 11*w = 71 - 16. Calculate the remainder when 7 is divided by w.
2
Let t be ((-1 - 0) + -8)*-1. Suppose 2*a - t = -a. Suppose -5*m + 45 = -2*w, 5*w + 4 = -a*m - 0*w. Calculate the remainder when 19 is divided by m.
5
Let k = -1 - -5. What is the remainder when (-15)/(-2)*(-12)/(-9) is divided by k?
2
Suppose 8*m + 284 = 948. Calculate the remainder when m is divided by 23.
14
Let h = -24 - -42. What is the remainder when h is divided by 5?
3
Suppose -2*j + 0*j = 4. Let s be (j + (-2 - -2))*-2. Suppose -s*x + 7 + 1 = 0. Calculate the remainder when x is divided by 1.
0
Let j(a) = a**2 - 2*a + 2. Let w be 76/28 - 6/(-21). Let g be j(w). Suppose x - g*t = 22, 2*t + 90 + 52 = 4*x. What is the remainder when x is divided by 13?
11
Let g = 129 + -92. What is the remainder when g is divided by 19?
18
Suppose 0 = -0*k - 4*k - 16. Let q = k - -16. Calculate the remainder when q is divided by 7.
5
Suppose -2*d + 5 + 1 = 0. Suppose -2*t - 12 = -d*t. What is the remainder when 22 is divided by t?
10
Let p = -5 + 9. Suppose -o + 135 = p*o. What is the remainder when o is divided by 15?
12
Let o = -2 + 4. Suppose 5*b = -p + 16, 2*p - o*b = 3*b + 2. What is the remainder when 11 is divided by p?
5
Suppose 64 = 5*b - 2*k + 256, 0 = 3*b + 5*k + 140. What is the remainder when 8/b - (-592)/10 is divided by 20?
19
Let x(l) = -l**3 - l. Let q = 43 - 24. What is the remainder when q is divided by x(-2)?
9
Let o = 1 + 3. Calculate the remainder when 33 + (-1)/(2/o) is divided by 8.
7
Let l(k) = 9*k + 1 + 18*k - 2. Calculate the remainder when l(1) is divided by 9.
8
Let h(v) = v**3 + v**2 + 8. Suppose -2*i + l = -37, -3*i - 2*l = -0*l - 52. Calculate the remainder when h(4) is divided by i.
16
Let d = -16 - -33. Suppose 0 = p + 5*j + 107 + d, -3*p = -3*j + 282. Calculate the remainder when 47 is divided by (-1)/2 + p/(-6).
15
Let d be (-2)/(-3) - 38/3. Let k = 22 + d. Let c = 83 + -54. Calculate the remainder when c is divided by k.
9
Suppose 4*t = p - 11, 2*t - 3*t = 4*p - 27. Suppose -5*u - a + 9 = -2, 0 = -u + 4*a + 19. Calculate the remainder when p is divided by u.
1
Let z = 125 - 107. Calculate the remainder when 138 is divided by z.
12
Let u = 0 - -1. Let v(p) = 19*p**3 - 1. Calculate the remainder when -1*-1*2 + (-30 - -81) is divided by v(u).
17
Let t = 58 + -53. Calculate the remainder when 13 is divided by t.
3
Let l be -6*1/(9/(-6)). Suppose -l*v = -54 + 2. What is the remainder when v is divided by 8?
5
Suppose 0 = 5*r - 5*w - 35, -r - w + 10 = 1. What is the remainder when 31 is divided by r?
7
Suppose 10 = -x + 3*x. Suppose x*t + 1 - 26 = 0. What is the remainder when t is divided by 2?
1
Let b(o) = -o**3 + o**2 - o + 13. Let h = 1 + -1. Calculate the remainder when b(h) is divided by 8.
5
Let f be (-32)/(-24)*3/2. Suppose -2*a = f*a - 180. Calculate the remainder when a is divided by 24.
21
Let l(p) = -6*p - 29. What is the remainder when 10 is divided by l(-6)?
3
Let r = -93 - -116. Calculate the remainder when r is divided by 15.
8
Suppose -2*d = -3*d - 3*i + 15, -d + 15 = -2*i. Suppose -b + 3*b = 234. Calculate the remainder when 29 is divided by b/d - (-1)/5.
5
Let k be 3/2 + (-111)/(-6). Let a = k + 12. What is t